re the prime factors of 57673*22/(-396)*-18?
7, 11, 107
Let s be (-34)/((-12)/18*3). Suppose -4337 = -s*l - 1175. What are the prime factors of l?
2, 3, 31
Let f(o) = 562*o**2 + 18*o - 17. Suppose 0 = q - 11 + 10. List the prime factors of f(q).
563
Let l be 4/6*(4 - -2). Suppose -l*f = -f. What are the prime factors of (f - -4) + (57 - -7)?
2, 17
Suppose -2*d + 3*y + 23 = -2*y, d + 2*y + 2 = 0. Suppose d*x - 12 = 4*g - g, -x = -5*g + 14. Suppose x*f - 284 - 1246 = 0. List the prime factors of f.
3, 5, 17
Let y(w) be the third derivative of 30*w**2 + 0*w + 0 + 5/12*w**4 + 5/6*w**3. What are the prime factors of y(7)?
3, 5
Let n be ((-2)/3)/2 - (-124)/12. Let r(s) = -531 + 542 - 7*s - n*s. What are the prime factors of r(-5)?
2, 3
Let a = 2853 - 1496. What are the prime factors of a?
23, 59
Let i(q) = -103*q + 16 + 67 + 25 + 74 - 42. What are the prime factors of i(-7)?
3, 7, 41
What are the prime factors of 13/130*-726*-110?
2, 3, 11
Suppose 11*l = 15*l - 16088. Suppose -19*x - l = -15099. List the prime factors of x.
11, 53
Let b(f) = 597*f**2 - 121*f + 28. List the prime factors of b(4).
2, 3, 379
Let r(j) = 482*j - 482*j + 101*j**2 - 1. Suppose -5*h = -2*c - 8, -c - c - h = -4. What are the prime factors of r(c)?
2, 5
Suppose 38*k - 4*s = 39*k - 10018, 2*k + 2*s = 20054. List the prime factors of k.
2, 5, 17, 59
Let o be (31 - 2) + 12/(-4). Let x(m) = -2 + 2*m - 2 - o*m + 9. List the prime factors of x(-5).
5
Suppose -9562 = -y + 2*c, -3*c = 16*y - 15*y - 9567. What are the prime factors of y?
2, 3, 797
Suppose 6*p - 23 - 1 = 0, -2*c = 5*p - 184. List the prime factors of c.
2, 41
What are the prime factors of (-19)/(-114)*2*33508 - 6/(-9)?
2, 5, 1117
Let l(f) = -2432*f + 487. List the prime factors of l(-17).
59, 709
Suppose -127*s + 96350 = 5*i - 131*s, -s = -2*i + 38540. List the prime factors of i.
2, 5, 41, 47
List the prime factors of (-4 + -5 - 5501)*5/(-5).
2, 5, 19, 29
Let r(k) = -5*k + 2. Let o be r(-2). Suppose -9*b = -7*b - o. What are the prime factors of (b/3 + -94)/((-4)/4)?
2, 23
Suppose -5*g + 41173 = -3*z, 5*g - z - 41213 = -8*z. List the prime factors of g.
8237
Let d be (6 - 4) + 8 - 4. What are the prime factors of (-6)/(-33) - (6477/(-11) + d)?
11, 53
Let f = 4318 - 2350. List the prime factors of f.
2, 3, 41
Let w(b) = -51*b - 2. Let h be w(-3). Let i(u) = -u**2 - 18*u - 29. Let y be i(-16). Suppose 3*x - 243 = 4*a, y*x - h = x - a. List the prime factors of x.
7, 11
Suppose 7*y - 10*y - 577 = 5*w, 0 = 5*y - 4*w + 974. Let a = 695 + y. What are the prime factors of a?
3, 167
Let a(w) = -2*w + 17. Let z be a(9). Let i(s) = 300*s**2 - s - 2. What are the prime factors of i(z)?
13, 23
Let l be (-4 - -2 - -2) + 1512. Suppose -25 = 2*t - s - 40, 0 = -t - 3*s + 18. What are the prime factors of 1 + -4 + l/t?
3, 5, 11
Let n(j) = j**3 - 9*j**2 + 8*j + 11. Suppose 5 = 4*p + 1, 2*p = -4*b + 34. Let u be n(b). Suppose -10*c + u*c = 34. List the prime factors of c.
2, 17
Let q = -26 + 51. Suppose 16236 = 36*w - q*w. List the prime factors of w.
2, 3, 41
List the prime factors of 9820 + (-3)/(-1) - (-25 - -3 - -15).
2, 5, 983
Let q be (-514)/(-2) - (-10 - -12). Let r = q - 169. List the prime factors of r.
2, 43
Let x(b) = 2*b**2 + 29*b - 10. Let d be x(-15). Suppose -4*y - 2*l + 3*l + 1156 = 0, -d*y - 4*l + 1445 = 0. List the prime factors of y.
17
Let u(t) = t**3 + 10*t**2 + 16*t - 1. Let y be u(-7). Let c be 27/6 - 2/(-4). Suppose c*n - y = 31. What are the prime factors of n?
13
Let q(h) = -3*h**3 + 8*h**2 + 6*h + 26. List the prime factors of q(-13).
13, 607
Let g(j) = 6*j**2 - j. Let r(i) = -2*i**2 - 15*i - 8. Let q be r(-7). Let a be g(q). Suppose a*n - 498 = -169. What are the prime factors of n?
47
Let d = 118 + -113. Suppose 3*y - 5*y - 607 = -3*p, p = d*y + 185. List the prime factors of p.
5, 41
Suppose 38*s + 136 = 39*s. Suppose -5*w + 23 = -2*y + s, -5*y - 2*w = -239. Let z = y - -80. What are the prime factors of z?
3, 43
Let s = 10803 - 5776. List the prime factors of s.
11, 457
Suppose f - t = 18336, 25*f + 54992 = 28*f - 5*t. What are the prime factors of f?
2, 2293
Suppose -5*o + 77 = 3*r, 2*r + 2*r = -o + 97. Let u = 28 - r. Suppose -37 - 51 = -f + u*h, -5*f - 3*h + 509 = 0. List the prime factors of f.
2, 5
Suppose -46*q = -51*q + 95. Suppose q*n - 6465 = 6455. List the prime factors of n.
2, 5, 17
Let r(f) = 208*f**2 + 1695*f - 31. List the prime factors of r(-14).
3, 5669
Let c(v) = -3*v**2 - 6*v - 2. Let p be c(-3). Let u be 6 + -3 + 2 + p. Let d(b) = -b**3 - 2*b**2 + 9*b + 7. What are the prime factors of d(u)?
97
Let g(r) = 584*r**2 - 22*r - 162. List the prime factors of g(-6).
2, 3, 3499
Let w(l) = 18*l**2 + 69*l + 1082. What are the prime factors of w(-30)?
2, 3803
Let m = 72 - 77. Let t be 63/12 + m/20. Suppose t*d - 4*q - 151 = 151, 254 = 4*d + 3*q. List the prime factors of d.
2, 31
Let l(o) = 16*o**2 + 8*o + 67. Let d be l(12). Suppose 0 = -5*x - 20, -4*x = 5*g - 7*x - d. List the prime factors of g.
491
What are the prime factors of (-2755)/(-2)*(-24)/10*(747 - 753)?
2, 3, 19, 29
Let w = 164823 + -116714. What are the prime factors of w?
48109
Suppose -48767 + 148009 = -2*p + 13*p. List the prime factors of p.
2, 13, 347
Let j(i) = -835*i + 136. List the prime factors of j(-4).
2, 11, 79
Suppose -480*k = -484*k + 16. Suppose 0 = -3*f + k*v + 1450, 13*v = 4*f + 12*v - 1929. List the prime factors of f.
2, 241
Suppose 961*t = 929*t + 2312096. What are the prime factors of t?
72253
Suppose 2*y - u = 33465, -y + 2*u + 7864 = -8861. What are the prime factors of y?
5, 3347
Let q be (-435)/(-18) + 6/(-36). Suppose -1212 - 10164 = -q*r. What are the prime factors of r?
2, 3, 79
What are the prime factors of ((-4542)/30 + 9)/(5 + 3157/(-630))?
2, 3, 89
Let s(l) be the third derivative of 3*l**5/20 - l**4/6 + l**3/2 + 71*l**2. List the prime factors of s(5).
2, 13
Suppose -5*s + 3*s = -12. Suppose s = -2*o + 4. List the prime factors of (-88 - o)/(20 + -21).
3, 29
Let q = -26133 + 49538. What are the prime factors of q?
5, 31, 151
Suppose 2*f - w = 71, -2*f + 2*w = -3*w - 75. Suppose -f*q = -37*q + 450. List the prime factors of q.
3, 5
Suppose 2*g + 7*r = 11*r + 3064, -g - 3*r + 1507 = 0. What are the prime factors of g?
2, 761
Suppose 379*f = 384*f - 1140. Let b = 380 - f. List the prime factors of b.
2, 19
Let m be 4*400 + -6 + 4. Suppose 3*s + 449 - m = -3*d, 4*s = 2*d - 766. What are the prime factors of d?
383
Let k = -2951 + 4862. Let d = k + -843. List the prime factors of d.
2, 3, 89
Suppose 0 = -3*p - 5*k + 30109, 3*p + 8*k = 4*k + 30110. What are the prime factors of p?
2, 3, 7, 239
Let r(q) = q**3 - 5*q + 2. Let n be r(2). Suppose n*p = 7*p. Suppose -408 = -p*y - 6*y. What are the prime factors of y?
2, 17
Let r = -1045 - -1044. Suppose -2*c + 5*a - 12 = -0*c, 12 = 3*a. What are the prime factors of 52*1*(5 - (c + r))?
2, 13
Let b(k) be the second derivative of k**4/12 + 2*k**3/3 - 51*k**2/2 + 138*k. What are the prime factors of b(-30)?
3
Let b(c) = -c + 25. Suppose 0 = 220*y - 218*y - 24. Let w be b(y). Suppose -4*p + w*p = 225. What are the prime factors of p?
5
Suppose 36 - 40 = 2*f. List the prime factors of (36/(-3))/f - 0.
2, 3
Suppose -5*x + 80 = 15*x. Let h(k) = 47*k**2 - 4*k + 23. What are the prime factors of h(x)?
3, 11, 23
Let p(z) = -194*z - 688. List the prime factors of p(-58).
2, 19, 139
Suppose -c + 19930 = 17721. What are the prime factors of c?
47
Let u(b) = -b**2 - 14*b - 4. Let f = 24 + -30. Let v be u(f). Suppose -v - 19 = -k. What are the prime factors of k?
3, 7
Let w = 18 + 305. Let j be (0/(-1))/(0 + 1). Suppose 3 = -j*y - 3*y, 0 = 2*z - y - w. What are the prime factors of z?
7, 23
Let s(j) = -j**2 - 47*j + 8. Suppose 11*q + 29 = -158. What are the prime factors of s(q)?
2, 7, 37
Let u(v) = 1018*v**2 + 36*v - 114. List the prime factors of u(4).
2, 41, 199
Let m = -12 - 23. Let i(o) = -2*o**3 - 13*o**2 - 12*o + 10. Let q be i(-6). Let f = q + m. What are the prime factors of f?
11
Let h = -4110 + 19461. List the prime factors of h.
3, 7, 17, 43
Let s = -111 - -160. Let u(c) = c**3 + 2*c**2 + 30*c - 70. Let n be u(2). Suppose n*z + z - s = 0. What are the prime factors of z?
7
Let r = 0 - -36. Suppose -4*n + 292 = -r. Let c = n - 19. What are the prime factors of